21703 composite?
False
Is 62383 prime?
True
Is 76165 composite?
True
Is 41491 a prime number?
True
Is 1024274 a prime number?
False
Is 5261 prime?
True
Is 693373 a composite number?
False
Is 14851 a prime number?
True
Is 11623 a prime number?
False
Is 86453 prime?
True
Is 6121 prime?
True
Is 4479817 prime?
False
Is 1657 a composite number?
False
Is 233159 a prime number?
True
Is 337 prime?
True
Is 1979777 prime?
False
Is 172999 composite?
False
Is 43773 a prime number?
False
Is 179617 a composite number?
True
Is 13235 a composite number?
True
Is 1064119 prime?
False
Is 146819 prime?
True
Is 156761 composite?
True
Is 31813 prime?
False
Is 31289 prime?
False
Is 2942 a prime number?
False
Is 288411 composite?
True
Is 1722481 a prime number?
True
Is 119479 a composite number?
True
Is 36061 a prime number?
True
Is 621521 composite?
False
Is 547877 prime?
False
Is 12301 a prime number?
True
Is 68171 a composite number?
False
Is 2999 a composite number?
False
Is 1338145 a prime number?
False
Is 1540127 a composite number?
True
Is 4083 a prime number?
False
Is 261871 composite?
True
Is 45802 prime?
False
Is 3817 a prime number?
False
Is 238489 a prime number?
False
Is 1209281 a prime number?
True
Is 122909 composite?
True
Is 171553 composite?
False
Is 2031821 composite?
True
Is 385193 prime?
True
Is 108863 composite?
False
Is 12193 a composite number?
True
Is 383893 composite?
True
Is 24029 a prime number?
True
Is 19739 a prime number?
True
Is 13139 composite?
True
Is 9731 a composite number?
True
Is 277757 composite?
False
Is 109507 composite?
False
Is 5627 composite?
True
Is 3449 composite?
False
Is 3277 composite?
True
Is 20759 prime?
True
Is 63071 a prime number?
False
Is 5701 composite?
False
Is 69743 prime?
False
Is 5311993 a prime number?
True
Is 100151 prime?
True
Is 7817 prime?
True
Is 8333 prime?
False
Is 11957 a prime number?
False
Is 839 prime?
True
Is 24989 a composite number?
False
Is 144103 a composite number?
False
Is 7853 a composite number?
False
Is 255551 composite?
False
Is 12323 composite?
False
Is 216415 prime?
False
Is 16597 a composite number?
True
Is 42149 a prime number?
False
Is 15919 a prime number?
True
Is 19373 a prime number?
True
Is 18119 prime?
True
Is 493781 a composite number?
True
Is 20701 a composite number?
True
Is 1925579 composite?
False
Is 16439 prime?
False
Is 241771 composite?
False
Is 80029 a composite number?
True
Is 5747 prime?
False
Is 71387 composite?
False
Is 102667 a prime number?
True
Is 138551 prime?
False
Is 78941 a composite number?
False
Is 14597 a composite number?
True
Is 26045 composite?
True
Is 137699 a composite number?
False
Is 3389 prime?
True
Is 1397 prime?
False
Is 18661 a composite number?
False
Is 826457 a prime number?
False
Is 1109579 a prime number?
True
Is 36107 prime?
True
Is 252911 composite?
False
Is 1182817 a composite number?
False
Is 410453 prime?
True
Is 451361 a prime number?
True
Is 557 a prime number?
True
Is 131561 prime?
True
Is 164953 a composite number?
False
Is 564419 composite?
False
Is 14281 composite?
False
Is 3221237 prime?
True
Is 75913 a prime number?
True
Is 85973 a prime number?
False
Is 143947 a prime number?
True
Is 250583 composite?
False
Is 17855 a prime number?
False
Is 52489 a composite number?
False
Is 1061 composite?
False
Is 2246563 composite?
True
Is 23813 composite?
False
Is 24239 a composite number?
False
Is 12599 a composite number?
True
Is 15859 composite?
False
Is 154423 prime?
True
Is 3101 a prime number?
False
Is 8299 a prime number?
False
Is 35341 composite?
True
Is 2315471 a composite number?
False
Is 36833 prime?
True
Is 5830193 a prime number?
True
Is 1990177 a composite number?
True
Is 471781 composite?
False
Is 3466 composite?
True
Is 1361 composite?
False
Is 831 composite?
True
Is 1931 a prime number?
True
Is 7897 a prime number?
False
Is 64822 a prime number?
False
Is 134419 a composite number?
True
Is 2182 prime?
False
Is 56807 a prime number?
True
Is 6353 a prime number?
True
Is 469501 a composite number?
False
Is 4609 a composite number?
True
Is 3898 prime?
False
Is 22501 a prime number?
True
Is 16255 a composite number?
True
Is 12391 a prime number?
True
Is 2827901 a composite number?
False
Is 514 composite?
True
Is 30127 composite?
True
Is 27611 a prime number?
True
Is 1894337 composite?
False
Is 82637 composite?
True
Is 6753993 prime?
False
Is 53657 a composite number?
False
Is 3691 composite?
False
Is 4265 composite?
True
Is 14143 a prime number?
True
Is 183391 prime?
False
Is 8899 prime?
False
Is 288011 prime?
False
Is 41687 prime?
True
Is 2077 a composite number?
True
Is 1669 a prime number?
True
Is 193513 a composite number?
False
Is 149015 composite?
True
Is 160897 a prime number?
False
Is 12889 a prime number?
True
Is 55201 prime?
True
Is 94201 a composite number?
False
Is 14611 prime?
False
Is 36843 a prime number?
False
Is 391145 prime?
False
Is 183437 a composite number?
False
Is 9229 composite?
True
Is 20954 prime?
False
Is 250279 prime?
True
Is 90101 a prime number?
False
Is 4141193 a prime number?
False
Is 3785 prime?
False
Is 158995 a prime number?
False
Is 21458 a composite number?
True
Is 155879 composite?
True
Is 21799 prime?
True
Is 70619 a prime number?
True
Is 179969 composite?
False
Is 940187 prime?
False
Is 8147 prime?
True
Is 28813 a composite number?
False
Is 18181 a prime number?
True
Is 9377 a prime number?
True
Is 211517 composite?
True
Is 284041 composite?
False
Is 2329 a prime number?
False
Is 10657 a composite number?
False
Is 20663 a prime number?
True
Is 668851 prime?
True
Is 151531 composite?
False
Is 20161 prime?
True
Is 14822 a prime number?
False
Is 59217 prime?
False
Is 5557 composite?
False
Is 1823 a prime number?
True
Is 38261 a prime number?
True
Is 11369 a composite number?
False
Is 4083 a composite number?
True
Is 5663 a prime number?
False
Is 141743 prime?
False
Is 51563 a prime number?
True
Is 98453 prime?
True
Is 385891 prime?
False
Is 14779 a prime number?
True
Is 13535 a composite number?
True
Is 1781 prime?
False
Is 12601 composite?
False
Is 1603453 a prime number?
True
Is 3601 a composite number?
True
Is 112139 composite?
False
Is 24689 a prime number?
False
Is 2715199 a prime number?
False
Is 66797 a composite number?
False
Is 237777 a prime number?
False
Is 19079 composite?
False
Is 14995 a composite number?
True
Is 4569 composite?
True
Is 22669 prime?
True
Is 130727 prime?
False
Is 104561 prime?
True
Is 943 a prime number?
False
Is 1551083 prime?
True
Is 244873 prime?
True
Is 1787237 a composite number?
False
Is 82133 a prime number?
False
Is 7261 composite?
True
Is 60493 a prime number?
True
Is 1259 a composite number?
False
Is 101833 a composite number?
False
Is 167983 a prime number?
False
Is 7307 a composite number?
False
Is 113591 prime?
True
Is 203011 a prime number?
True
Is 13217 prime?
True
Is 15357 a prime number?
False
Is 254 a composite number?
True
Is 339 a composite number?
True
Is 15403 prime?
False
Is 591817 prime?
False
Is 61717 prime?
True
Is 94137 a composite number?
True
Is 2101 a prime number?
False
Is 109447 prime?
False
Is 52937 composite?
False
Is 1361 a composite number?
False
Is 5308679 a composite number?
False
Is 22579 a composite number?
True
Is 163 a composite number?
False
Is 4406 prime?
False
Is 134903 a composite number?
True
Is 10313467 composite?
False
Is 780323 prime?
True
Is 3101 prime?
False
Is 31015 a prime number?
False
Is 642049 a prime number?
True
Is 25021 prime?
False
Is 45439 a prime number?
True
Is 1033823 composite?
True
Is 143251 a prime number?
False
Is 69683 prime?
False
Is 344579 composite?
True
Is 11113 prime?
True
Is 157107 a prime number?
False
Is 164209 a composite number?
False
Is 1901 a prime number?
True
Is 105751 a composite number?
False
Is 53777 a composite number?
False
Is 11017 a composite number?
True
Is 819446 composite?
True
Is 53266 prime?
False
Is 10061 prime?
True
Is 9451 prime?
False
Is 130323 a prime number?
False
Is 147739 a composite number?
False
Is 25793 prime?
True
Is 131902 a composite number?
True
Is 23801 composite?
False
Is 22163 a composite number?
True
Is 1671877 a prime number?
False
Is 198761 composite?
False
Is 68023 a prime number?
True
Is 869069 prime?
True
Is 7023 a composite number?
True
